{"id":1503,"date":"2026-03-20T17:27:49","date_gmt":"2026-03-20T21:27:49","guid":{"rendered":"https:\/\/www.dcuidarte.com\/?post_type=product&#038;p=1503"},"modified":"2026-03-24T21:45:12","modified_gmt":"2026-03-25T01:45:12","slug":"crema-facial-de-colageno","status":"publish","type":"product","link":"https:\/\/www.dcuidarte.com\/?product=crema-facial-de-colageno","title":{"rendered":"Crema Facial De Col\u00e1geno"},"content":{"rendered":"<p>Este gel cremoso est\u00e1 formulado con col\u00e1geno y \u00e1cido hialur\u00f3nico para equilibrar la humedad de la piel, reafirmar la piel fl\u00e1cida, hidratar profundamente y activar las c\u00e9lulas encargadas de producir col\u00e1geno. Como resultado, la piel luce m\u00e1s tersa y las l\u00edneas de expresi\u00f3n se minimizan notoriamente.<\/p>\n<table class=\"woocommerce-product-attributes shop_attributes\" aria-label=\"Detalles del producto\">\n<tbody>\n<tr class=\"woocommerce-product-attributes-item woocommerce-product-attributes-item--attribute_pa_tamano\">\n<th class=\"woocommerce-product-attributes-item__label\" scope=\"row\">Tama\u00f1o<\/th>\n<td class=\"woocommerce-product-attributes-item__value\">50 ML \/ 1.6 OZ<\/td>\n<\/tr>\n<\/tbody>\n<\/table>\n<p>[tabs slidertype=\u00bbtop tabs\u00bb] [tabcontainer] [tabtext]BENEFICIOS:[\/tabtext] [tabtext]MODO DE USO:[\/tabtext] [tabtext]RECOMENDACIONES:[\/tabtext] [\/tabcontainer] [tabcontent] [tab]<\/p>\n<ul>\n<li style=\"list-style-type: none;\">\n<ul>\n<li style=\"list-style-type: none;\">\n<ul>\n<li>La crema en gel proporciona una\u00a0hidrataci\u00f3n r\u00e1pida a la piel, ya que est\u00e1n formuladas mayormente de agua.\u00a0Esto es especialmente eficaz cuando la piel muestra signos de fatiga o est\u00e1 deshidratada.<\/li>\n<li>Trata los primeros signos de envejecimiento, tales como la aparici\u00f3n de arrugas y l\u00edneas de expresi\u00f3n<strong>.<\/strong><\/li>\n<\/ul>\n<\/li>\n<\/ul>\n<\/li>\n<\/ul>\n<p>[\/tab] [tab]<\/p>\n<ul>\n<li style=\"list-style-type: none;\">\n<ul>\n<li style=\"list-style-type: none;\">\n<ul>\n<li>Aplicar cuidadosamente en la zona T del rostro (frente, nariz y barbilla) y en las l\u00edneas de expresi\u00f3n, luego palpar la piel con suaves movimientos circulares hasta esparcirla por todo el rostro, cuello y escote dej\u00e1ndola actuar durante toda la noche.<\/li>\n<\/ul>\n<\/li>\n<\/ul>\n<\/li>\n<\/ul>\n<p>[\/tab] [tab]<\/p>\n<ul>\n<li style=\"list-style-type: none;\">\n<ul>\n<li style=\"list-style-type: none;\">\n<ul>\n<li>Es ideal para\u00a0hidratar y proteger pieles m\u00e1s grasas o con tendencia al acn\u00e9\u00a0ya que al ser m\u00e1s ligera evitar\u00e1 obstruir los poros por exceso de sebo.<\/li>\n<li>Usar protector solar diario.<\/li>\n<li>Recomendado para pieles mayores de 25 a\u00f1os.<\/li>\n<\/ul>\n<\/li>\n<\/ul>\n<\/li>\n<\/ul>\n<p>[\/tab] [\/tabcontent] [\/tabs]<\/p>\n","protected":false},"excerpt":{"rendered":"<p>Este gel cremoso est\u00e1 formulado con col\u00e1geno y \u00e1cido hialur\u00f3nico para equilibrar la humedad de la piel, reafirmar la piel fl\u00e1cida, hidratar profundamente y activar las c\u00e9lulas encargadas de producir col\u00e1geno. Como resultado, la piel luce m\u00e1s tersa y las l\u00edneas de expresi\u00f3n se minimizan notoriamente.<\/p>\n","protected":false},"featured_media":1539,"comment_status":"open","ping_status":"closed","template":"","meta":[],"etheme_brands":[{"term_id":66,"name":"Nevada","slug":"nevada","term_group":0,"term_taxonomy_id":66,"taxonomy":"brand","description":"","parent":0,"count":14,"filter":"raw"}],"product_brand":[72],"product_cat":[183,184,97,109,195,177,170],"product_tag":[129,130,119],"class_list":{"0":"post-1503","1":"product","2":"type-product","3":"status-publish","4":"has-post-thumbnail","6":"brand-nevada","7":"product_brand-nevada","8":"product_cat-acido-hialuronico","9":"product_cat-colageno","10":"product_cat-cremas","11":"product_cat-facial","12":"product_cat-hidratantes","13":"product_cat-rostro","14":"product_cat-todo-tipo-de-piel","15":"product_tag-antiarrugas","16":"product_tag-colageno","17":"product_tag-piel","19":"first","20":"instock","21":"shipping-taxable","22":"purchasable","23":"product-type-simple"},"yoast_head":"<!-- This site is optimized with the Yoast SEO Premium plugin v26.7 (Yoast SEO v27.3) - https:\/\/yoast.com\/product\/yoast-seo-premium-wordpress\/ -->\n<title>Crema Facial De Col\u00e1geno - DCuidarte<\/title>\n<meta name=\"robots\" content=\"index, follow, max-snippet:-1, max-image-preview:large, max-video-preview:-1\" \/>\n<link rel=\"canonical\" href=\"https:\/\/www.dcuidarte.com\/?product=crema-facial-de-colageno\" \/>\n<meta property=\"og:locale\" content=\"es_ES\" \/>\n<meta property=\"og:type\" content=\"article\" \/>\n<meta property=\"og:title\" content=\"Crema Facial De Col\u00e1geno\" \/>\n<meta property=\"og:description\" content=\"Este gel cremoso est\u00e1 formulado con col\u00e1geno y \u00e1cido hialur\u00f3nico para equilibrar la humedad de la piel, reafirmar la piel fl\u00e1cida, hidratar profundamente y activar las c\u00e9lulas encargadas de producir col\u00e1geno. Como resultado, la piel luce m\u00e1s tersa y las l\u00edneas de expresi\u00f3n se minimizan notoriamente.\" \/>\n<meta property=\"og:url\" content=\"https:\/\/www.dcuidarte.com\/?product=crema-facial-de-colageno\" \/>\n<meta property=\"og:site_name\" content=\"DCuidarte\" \/>\n<meta property=\"article:publisher\" content=\"https:\/\/www.facebook.com\/cuidarte.cmg\" \/>\n<meta property=\"article:modified_time\" content=\"2026-03-25T01:45:12+00:00\" \/>\n<meta property=\"og:image\" content=\"https:\/\/www.dcuidarte.com\/wp-content\/uploads\/2026\/03\/Crema-facial-COLAGENO-Nevada-1.png\" \/>\n\t<meta property=\"og:image:width\" content=\"600\" \/>\n\t<meta property=\"og:image:height\" content=\"600\" \/>\n\t<meta property=\"og:image:type\" content=\"image\/png\" \/>\n<meta name=\"twitter:card\" content=\"summary_large_image\" \/>\n<meta name=\"twitter:label1\" content=\"Tiempo de lectura\" \/>\n\t<meta name=\"twitter:data1\" content=\"1 minuto\" \/>\n<script type=\"application\/ld+json\" class=\"yoast-schema-graph\">{\"@context\":\"https:\\\/\\\/schema.org\",\"@graph\":[{\"@type\":\"WebPage\",\"@id\":\"https:\\\/\\\/www.dcuidarte.com\\\/?product=crema-facial-de-colageno\",\"url\":\"https:\\\/\\\/www.dcuidarte.com\\\/?product=crema-facial-de-colageno\",\"name\":\"Crema Facial De Col\u00e1geno - DCuidarte\",\"isPartOf\":{\"@id\":\"https:\\\/\\\/www.dcuidarte.com\\\/#website\"},\"primaryImageOfPage\":{\"@id\":\"https:\\\/\\\/www.dcuidarte.com\\\/?product=crema-facial-de-colageno#primaryimage\"},\"image\":{\"@id\":\"https:\\\/\\\/www.dcuidarte.com\\\/?product=crema-facial-de-colageno#primaryimage\"},\"thumbnailUrl\":\"https:\\\/\\\/www.dcuidarte.com\\\/wp-content\\\/uploads\\\/2026\\\/03\\\/Crema-facial-COLAGENO-Nevada-1.png\",\"datePublished\":\"2026-03-20T21:27:49+00:00\",\"dateModified\":\"2026-03-25T01:45:12+00:00\",\"breadcrumb\":{\"@id\":\"https:\\\/\\\/www.dcuidarte.com\\\/?product=crema-facial-de-colageno#breadcrumb\"},\"inLanguage\":\"es\",\"potentialAction\":[{\"@type\":\"ReadAction\",\"target\":[\"https:\\\/\\\/www.dcuidarte.com\\\/?product=crema-facial-de-colageno\"]}]},{\"@type\":\"ImageObject\",\"inLanguage\":\"es\",\"@id\":\"https:\\\/\\\/www.dcuidarte.com\\\/?product=crema-facial-de-colageno#primaryimage\",\"url\":\"https:\\\/\\\/www.dcuidarte.com\\\/wp-content\\\/uploads\\\/2026\\\/03\\\/Crema-facial-COLAGENO-Nevada-1.png\",\"contentUrl\":\"https:\\\/\\\/www.dcuidarte.com\\\/wp-content\\\/uploads\\\/2026\\\/03\\\/Crema-facial-COLAGENO-Nevada-1.png\",\"width\":600,\"height\":600},{\"@type\":\"BreadcrumbList\",\"@id\":\"https:\\\/\\\/www.dcuidarte.com\\\/?product=crema-facial-de-colageno#breadcrumb\",\"itemListElement\":[{\"@type\":\"ListItem\",\"position\":1,\"name\":\"Home\",\"item\":\"https:\\\/\\\/www.dcuidarte.com\\\/\"},{\"@type\":\"ListItem\",\"position\":2,\"name\":\"Shop\",\"item\":\"https:\\\/\\\/www.dcuidarte.com\\\/?page_id=36\"},{\"@type\":\"ListItem\",\"position\":3,\"name\":\"Crema Facial De Col\u00e1geno\"}]},{\"@type\":\"WebSite\",\"@id\":\"https:\\\/\\\/www.dcuidarte.com\\\/#website\",\"url\":\"https:\\\/\\\/www.dcuidarte.com\\\/\",\"name\":\"DCuidarte\",\"description\":\"\",\"publisher\":{\"@id\":\"https:\\\/\\\/www.dcuidarte.com\\\/#organization\"},\"alternateName\":\"Cuidarte\",\"potentialAction\":[{\"@type\":\"SearchAction\",\"target\":{\"@type\":\"EntryPoint\",\"urlTemplate\":\"https:\\\/\\\/www.dcuidarte.com\\\/?s={search_term_string}\"},\"query-input\":{\"@type\":\"PropertyValueSpecification\",\"valueRequired\":true,\"valueName\":\"search_term_string\"}}],\"inLanguage\":\"es\"},{\"@type\":\"Organization\",\"@id\":\"https:\\\/\\\/www.dcuidarte.com\\\/#organization\",\"name\":\"DCuidarte\",\"alternateName\":\"Cuidarte\",\"url\":\"https:\\\/\\\/www.dcuidarte.com\\\/\",\"logo\":{\"@type\":\"ImageObject\",\"inLanguage\":\"es\",\"@id\":\"https:\\\/\\\/www.dcuidarte.com\\\/#\\\/schema\\\/logo\\\/image\\\/\",\"url\":\"https:\\\/\\\/www.dcuidarte.com\\\/wp-content\\\/uploads\\\/2026\\\/03\\\/4.png\",\"contentUrl\":\"https:\\\/\\\/www.dcuidarte.com\\\/wp-content\\\/uploads\\\/2026\\\/03\\\/4.png\",\"width\":378,\"height\":110,\"caption\":\"DCuidarte\"},\"image\":{\"@id\":\"https:\\\/\\\/www.dcuidarte.com\\\/#\\\/schema\\\/logo\\\/image\\\/\"},\"sameAs\":[\"https:\\\/\\\/www.facebook.com\\\/cuidarte.cmg\",\"https:\\\/\\\/instagram.com\\\/cuidarte.cmg\"],\"email\":\"tienda@dcuidarte.com\",\"telephone\":\"+5355765224\"}]}<\/script>\n<!-- \/ Yoast SEO Premium plugin. -->","yoast_head_json":{"title":"Crema Facial De Col\u00e1geno - DCuidarte","robots":{"index":"index","follow":"follow","max-snippet":"max-snippet:-1","max-image-preview":"max-image-preview:large","max-video-preview":"max-video-preview:-1"},"canonical":"https:\/\/www.dcuidarte.com\/?product=crema-facial-de-colageno","og_locale":"es_ES","og_type":"article","og_title":"Crema Facial De Col\u00e1geno","og_description":"Este gel cremoso est\u00e1 formulado con col\u00e1geno y \u00e1cido hialur\u00f3nico para equilibrar la humedad de la piel, reafirmar la piel fl\u00e1cida, hidratar profundamente y activar las c\u00e9lulas encargadas de producir col\u00e1geno. Como resultado, la piel luce m\u00e1s tersa y las l\u00edneas de expresi\u00f3n se minimizan notoriamente.","og_url":"https:\/\/www.dcuidarte.com\/?product=crema-facial-de-colageno","og_site_name":"DCuidarte","article_publisher":"https:\/\/www.facebook.com\/cuidarte.cmg","article_modified_time":"2026-03-25T01:45:12+00:00","og_image":[{"width":600,"height":600,"url":"https:\/\/www.dcuidarte.com\/wp-content\/uploads\/2026\/03\/Crema-facial-COLAGENO-Nevada-1.png","type":"image\/png"}],"twitter_card":"summary_large_image","twitter_misc":{"Tiempo de lectura":"1 minuto"},"schema":{"@context":"https:\/\/schema.org","@graph":[{"@type":"WebPage","@id":"https:\/\/www.dcuidarte.com\/?product=crema-facial-de-colageno","url":"https:\/\/www.dcuidarte.com\/?product=crema-facial-de-colageno","name":"Crema Facial De Col\u00e1geno - DCuidarte","isPartOf":{"@id":"https:\/\/www.dcuidarte.com\/#website"},"primaryImageOfPage":{"@id":"https:\/\/www.dcuidarte.com\/?product=crema-facial-de-colageno#primaryimage"},"image":{"@id":"https:\/\/www.dcuidarte.com\/?product=crema-facial-de-colageno#primaryimage"},"thumbnailUrl":"https:\/\/www.dcuidarte.com\/wp-content\/uploads\/2026\/03\/Crema-facial-COLAGENO-Nevada-1.png","datePublished":"2026-03-20T21:27:49+00:00","dateModified":"2026-03-25T01:45:12+00:00","breadcrumb":{"@id":"https:\/\/www.dcuidarte.com\/?product=crema-facial-de-colageno#breadcrumb"},"inLanguage":"es","potentialAction":[{"@type":"ReadAction","target":["https:\/\/www.dcuidarte.com\/?product=crema-facial-de-colageno"]}]},{"@type":"ImageObject","inLanguage":"es","@id":"https:\/\/www.dcuidarte.com\/?product=crema-facial-de-colageno#primaryimage","url":"https:\/\/www.dcuidarte.com\/wp-content\/uploads\/2026\/03\/Crema-facial-COLAGENO-Nevada-1.png","contentUrl":"https:\/\/www.dcuidarte.com\/wp-content\/uploads\/2026\/03\/Crema-facial-COLAGENO-Nevada-1.png","width":600,"height":600},{"@type":"BreadcrumbList","@id":"https:\/\/www.dcuidarte.com\/?product=crema-facial-de-colageno#breadcrumb","itemListElement":[{"@type":"ListItem","position":1,"name":"Home","item":"https:\/\/www.dcuidarte.com\/"},{"@type":"ListItem","position":2,"name":"Shop","item":"https:\/\/www.dcuidarte.com\/?page_id=36"},{"@type":"ListItem","position":3,"name":"Crema Facial De Col\u00e1geno"}]},{"@type":"WebSite","@id":"https:\/\/www.dcuidarte.com\/#website","url":"https:\/\/www.dcuidarte.com\/","name":"DCuidarte","description":"","publisher":{"@id":"https:\/\/www.dcuidarte.com\/#organization"},"alternateName":"Cuidarte","potentialAction":[{"@type":"SearchAction","target":{"@type":"EntryPoint","urlTemplate":"https:\/\/www.dcuidarte.com\/?s={search_term_string}"},"query-input":{"@type":"PropertyValueSpecification","valueRequired":true,"valueName":"search_term_string"}}],"inLanguage":"es"},{"@type":"Organization","@id":"https:\/\/www.dcuidarte.com\/#organization","name":"DCuidarte","alternateName":"Cuidarte","url":"https:\/\/www.dcuidarte.com\/","logo":{"@type":"ImageObject","inLanguage":"es","@id":"https:\/\/www.dcuidarte.com\/#\/schema\/logo\/image\/","url":"https:\/\/www.dcuidarte.com\/wp-content\/uploads\/2026\/03\/4.png","contentUrl":"https:\/\/www.dcuidarte.com\/wp-content\/uploads\/2026\/03\/4.png","width":378,"height":110,"caption":"DCuidarte"},"image":{"@id":"https:\/\/www.dcuidarte.com\/#\/schema\/logo\/image\/"},"sameAs":["https:\/\/www.facebook.com\/cuidarte.cmg","https:\/\/instagram.com\/cuidarte.cmg"],"email":"tienda@dcuidarte.com","telephone":"+5355765224"}]}},"_links":{"self":[{"href":"https:\/\/www.dcuidarte.com\/index.php?rest_route=\/wp\/v2\/product\/1503","targetHints":{"allow":["GET"]}}],"collection":[{"href":"https:\/\/www.dcuidarte.com\/index.php?rest_route=\/wp\/v2\/product"}],"about":[{"href":"https:\/\/www.dcuidarte.com\/index.php?rest_route=\/wp\/v2\/types\/product"}],"replies":[{"embeddable":true,"href":"https:\/\/www.dcuidarte.com\/index.php?rest_route=%2Fwp%2Fv2%2Fcomments&post=1503"}],"version-history":[{"count":1,"href":"https:\/\/www.dcuidarte.com\/index.php?rest_route=\/wp\/v2\/product\/1503\/revisions"}],"predecessor-version":[{"id":1540,"href":"https:\/\/www.dcuidarte.com\/index.php?rest_route=\/wp\/v2\/product\/1503\/revisions\/1540"}],"wp:featuredmedia":[{"embeddable":true,"href":"https:\/\/www.dcuidarte.com\/index.php?rest_route=\/wp\/v2\/media\/1539"}],"wp:attachment":[{"href":"https:\/\/www.dcuidarte.com\/index.php?rest_route=%2Fwp%2Fv2%2Fmedia&parent=1503"}],"wp:term":[{"taxonomy":"brand","embeddable":true,"href":"https:\/\/www.dcuidarte.com\/index.php?rest_route=%2Fwp%2Fv2%2Fetheme_brands&post=1503"},{"taxonomy":"product_brand","embeddable":true,"href":"https:\/\/www.dcuidarte.com\/index.php?rest_route=%2Fwp%2Fv2%2Fproduct_brand&post=1503"},{"taxonomy":"product_cat","embeddable":true,"href":"https:\/\/www.dcuidarte.com\/index.php?rest_route=%2Fwp%2Fv2%2Fproduct_cat&post=1503"},{"taxonomy":"product_tag","embeddable":true,"href":"https:\/\/www.dcuidarte.com\/index.php?rest_route=%2Fwp%2Fv2%2Fproduct_tag&post=1503"}],"curies":[{"name":"wp","href":"https:\/\/api.w.org\/{rel}","templated":true}]}}