{"id":1497,"date":"2026-03-20T17:27:48","date_gmt":"2026-03-20T21:27:48","guid":{"rendered":"https:\/\/www.dcuidarte.com\/?post_type=product&#038;p=1497"},"modified":"2026-03-24T22:56:17","modified_gmt":"2026-03-25T02:56:17","slug":"serum-vitamina-e-alpha-arbutin","status":"publish","type":"product","link":"https:\/\/www.dcuidarte.com\/?product=serum-vitamina-e-alpha-arbutin","title":{"rendered":"Serum Vitamina E + Alpha Arbutin"},"content":{"rendered":"<p>Serum de Vitamina E y Alpha Arbutina es una poderosa combinaci\u00f3n dise\u00f1ada para iluminar, aclarar y proteger tu piel. Con una mezcla \u00fanica de ingredientes, este Serum se enfoca en reducir la apariencia de manchas oscuras y proporcionar una tez radiante y uniforme.<\/p>\n<table class=\"woocommerce-product-attributes shop_attributes\" aria-label=\"Detalles del producto\">\n<tbody>\n<tr class=\"woocommerce-product-attributes-item woocommerce-product-attributes-item--attribute_pa_tamano\">\n<th class=\"woocommerce-product-attributes-item__label\" scope=\"row\">Tama\u00f1o<\/th>\n<td class=\"woocommerce-product-attributes-item__value\">30 ML \/ 1 OZ<\/td>\n<\/tr>\n<\/tbody>\n<\/table>\n<ul>\n<li style=\"list-style-type: none;\">\n<ul>\n<li>Vitamina E: Es un antioxidante que protege la piel contra el da\u00f1o causado por los radicales libres y los rayos UV. Adem\u00e1s, ayuda a mantener la hidrataci\u00f3n y la elasticidad de la piel.<\/li>\n<li>Alpha Arbutina: Es un ingrediente natural aclamado por su capacidad para aclarar la piel al inhibir la producci\u00f3n de melanina. Ayuda a reducir la apariencia de manchas oscuras, hiperpigmentaci\u00f3n y decoloraciones.<\/li>\n<\/ul>\n<\/li>\n<\/ul>\n<p>[tabs slidertype=\u00bbtop tabs\u00bb] [tabcontainer] [tabtext]BENEFICIOS:[\/tabtext] [tabtext]MODO DE USO:[\/tabtext] [tabtext]RECOMENDACIONES:[\/tabtext] [\/tabcontainer] [tabcontent] [tab]<\/p>\n<ul>\n<li style=\"list-style-type: none;\">\n<ul>\n<li style=\"list-style-type: none;\">\n<ul>\n<li><strong>Aclara y Unifica el Tono de la Piel:<\/strong>\u00a0La Alpha Arbutina act\u00faa sobre las \u00e1reas de hiperpigmentacion, reduciendo la producci\u00f3n de melanina y mejorando la uniformidad del tono de la piel.<\/li>\n<li><strong>Protecci\u00f3n Antioxidante:<\/strong>\u00a0La vitamina E protege la piel del estr\u00e9s oxidativo y del da\u00f1o causado por los radicales libres, lo que ayuda a prevenir el envejecimiento prematuro.<\/li>\n<li><strong>Hidrataci\u00f3n y Elasticidad:<\/strong>\u00a0La vitamina E mantiene la piel hidratada y ayuda a mejorar su elasticidad, lo que puede resultar en una piel m\u00e1s suave y flexible.<\/li>\n<li><strong>Disminuye Manchas Oscuras:<\/strong>\u00a0La Alpha Arbutina disminuye la apariencia de manchas oscuras y descoloraciones, brindando una tez m\u00e1s clara y radiante.<\/li>\n<\/ul>\n<\/li>\n<\/ul>\n<\/li>\n<\/ul>\n<p>[\/tab] [tab]<\/p>\n<ul>\n<li style=\"list-style-type: none;\">\n<ul>\n<li style=\"list-style-type: none;\">\n<ul>\n<li>Aplicar sobre la piel limpia y seca, preferiblemente en la ma\u00f1ana y\/o noche.<\/li>\n<li>Tomar una peque\u00f1a cantidad con ayuda del gotero, y aplicar directamente al rostro, o en las puntas de los dedos colocar unas gotas del Serum sin tocar directamente la piel para no contaminar el producto.<\/li>\n<li>Masajea suavemente con movimientos ascendentes y con toques\u00a0 m\u00e1s suaves el \u00e1rea de los ojos.<\/li>\n<li>Deja que el producto se absorba completamente antes de aplicar otros productos o maquillaje.<\/li>\n<\/ul>\n<\/li>\n<\/ul>\n<\/li>\n<\/ul>\n<p>[\/tab] [tab]<\/p>\n<ul>\n<li style=\"list-style-type: none;\">\n<ul>\n<li style=\"list-style-type: none;\">\n<ul>\n<li>Realiza una prueba de parche antes del uso completo para asegurarte de que no haya reacciones al\u00e9rgicas.<\/li>\n<li>Guarda el serum en un lugar fresco y oscuro para mantener su potencia y efectividad.<\/li>\n<li>Utiliza protector solar durante el d\u00eda para maximizar la protecci\u00f3n contra los da\u00f1os del sol.<\/li>\n<li>Con el uso continuo del Serum lograr\u00e1s una piel regenerada, reafirmada y protegida, revelando una apariencia m\u00e1s juvenil y luminosa. \u00a1Dale a tu piel el cuidado antioxidante que se merece!.<\/li>\n<\/ul>\n<\/li>\n<\/ul>\n<\/li>\n<\/ul>\n<p>[\/tab] [\/tabcontent] [\/tabs]<\/p>\n","protected":false},"excerpt":{"rendered":"<p>Serum de Vitamina E y Alpha Arbutina es una poderosa combinaci\u00f3n dise\u00f1ada para iluminar, aclarar y proteger tu piel. Con una mezcla \u00fanica de ingredientes, este Serum se enfoca en reducir la apariencia de manchas oscuras y proporcionar una tez radiante y uniforme.<\/p>\n","protected":false},"featured_media":1527,"comment_status":"open","ping_status":"closed","template":"","meta":[],"etheme_brands":[{"term_id":66,"name":"Nevada","slug":"nevada","term_group":0,"term_taxonomy_id":66,"taxonomy":"brand","description":"","parent":0,"count":14,"filter":"raw"}],"product_brand":[72],"product_cat":[189,186,109,177,113,170,190],"product_tag":[118,119,120,123],"class_list":{"0":"post-1497","1":"product","2":"type-product","3":"status-publish","4":"has-post-thumbnail","6":"brand-nevada","7":"product_brand-nevada","8":"product_cat-alpha-arbutin","9":"product_cat-antioxidante","10":"product_cat-facial","11":"product_cat-rostro","12":"product_cat-serum","13":"product_cat-todo-tipo-de-piel","14":"product_cat-vitamina-e","15":"product_tag-cuidado","16":"product_tag-piel","17":"product_tag-serum","18":"product_tag-vitamina-e","20":"first","21":"instock","22":"shipping-taxable","23":"purchasable","24":"product-type-simple"},"yoast_head":"<!-- This site is optimized with the Yoast SEO Premium plugin v26.7 (Yoast SEO v27.3) - https:\/\/yoast.com\/product\/yoast-seo-premium-wordpress\/ -->\n<title>Serum Vitamina E + Alpha Arbutin - DCuidarte<\/title>\n<meta name=\"robots\" content=\"index, follow, max-snippet:-1, max-image-preview:large, max-video-preview:-1\" \/>\n<link rel=\"canonical\" href=\"https:\/\/www.dcuidarte.com\/?product=serum-vitamina-e-alpha-arbutin\" \/>\n<meta property=\"og:locale\" content=\"es_ES\" \/>\n<meta property=\"og:type\" content=\"article\" \/>\n<meta property=\"og:title\" content=\"Serum Vitamina E + Alpha Arbutin\" \/>\n<meta property=\"og:description\" content=\"Serum de Vitamina E y Alpha Arbutina es una poderosa combinaci\u00f3n dise\u00f1ada para iluminar, aclarar y proteger tu piel. Con una mezcla \u00fanica de ingredientes, este Serum se enfoca en reducir la apariencia de manchas oscuras y proporcionar una tez radiante y uniforme.\" \/>\n<meta property=\"og:url\" content=\"https:\/\/www.dcuidarte.com\/?product=serum-vitamina-e-alpha-arbutin\" \/>\n<meta property=\"og:site_name\" content=\"DCuidarte\" \/>\n<meta property=\"article:publisher\" content=\"https:\/\/www.facebook.com\/cuidarte.cmg\" \/>\n<meta property=\"article:modified_time\" content=\"2026-03-25T02:56:17+00:00\" \/>\n<meta property=\"og:image\" content=\"https:\/\/www.dcuidarte.com\/wp-content\/uploads\/2026\/03\/Vitamina-E-1.jpg\" \/>\n\t<meta property=\"og:image:width\" content=\"1500\" \/>\n\t<meta property=\"og:image:height\" content=\"1500\" \/>\n\t<meta property=\"og:image:type\" content=\"image\/jpeg\" \/>\n<meta name=\"twitter:card\" content=\"summary_large_image\" \/>\n<meta name=\"twitter:label1\" content=\"Tiempo de lectura\" \/>\n\t<meta name=\"twitter:data1\" content=\"2 minutos\" \/>\n<script type=\"application\/ld+json\" class=\"yoast-schema-graph\">{\"@context\":\"https:\\\/\\\/schema.org\",\"@graph\":[{\"@type\":\"WebPage\",\"@id\":\"https:\\\/\\\/www.dcuidarte.com\\\/?product=serum-vitamina-e-alpha-arbutin\",\"url\":\"https:\\\/\\\/www.dcuidarte.com\\\/?product=serum-vitamina-e-alpha-arbutin\",\"name\":\"Serum Vitamina E + Alpha Arbutin - DCuidarte\",\"isPartOf\":{\"@id\":\"https:\\\/\\\/www.dcuidarte.com\\\/#website\"},\"primaryImageOfPage\":{\"@id\":\"https:\\\/\\\/www.dcuidarte.com\\\/?product=serum-vitamina-e-alpha-arbutin#primaryimage\"},\"image\":{\"@id\":\"https:\\\/\\\/www.dcuidarte.com\\\/?product=serum-vitamina-e-alpha-arbutin#primaryimage\"},\"thumbnailUrl\":\"https:\\\/\\\/www.dcuidarte.com\\\/wp-content\\\/uploads\\\/2026\\\/03\\\/Vitamina-E-1.jpg\",\"datePublished\":\"2026-03-20T21:27:48+00:00\",\"dateModified\":\"2026-03-25T02:56:17+00:00\",\"breadcrumb\":{\"@id\":\"https:\\\/\\\/www.dcuidarte.com\\\/?product=serum-vitamina-e-alpha-arbutin#breadcrumb\"},\"inLanguage\":\"es\",\"potentialAction\":[{\"@type\":\"ReadAction\",\"target\":[\"https:\\\/\\\/www.dcuidarte.com\\\/?product=serum-vitamina-e-alpha-arbutin\"]}]},{\"@type\":\"ImageObject\",\"inLanguage\":\"es\",\"@id\":\"https:\\\/\\\/www.dcuidarte.com\\\/?product=serum-vitamina-e-alpha-arbutin#primaryimage\",\"url\":\"https:\\\/\\\/www.dcuidarte.com\\\/wp-content\\\/uploads\\\/2026\\\/03\\\/Vitamina-E-1.jpg\",\"contentUrl\":\"https:\\\/\\\/www.dcuidarte.com\\\/wp-content\\\/uploads\\\/2026\\\/03\\\/Vitamina-E-1.jpg\",\"width\":1500,\"height\":1500},{\"@type\":\"BreadcrumbList\",\"@id\":\"https:\\\/\\\/www.dcuidarte.com\\\/?product=serum-vitamina-e-alpha-arbutin#breadcrumb\",\"itemListElement\":[{\"@type\":\"ListItem\",\"position\":1,\"name\":\"Home\",\"item\":\"https:\\\/\\\/www.dcuidarte.com\\\/\"},{\"@type\":\"ListItem\",\"position\":2,\"name\":\"Shop\",\"item\":\"https:\\\/\\\/www.dcuidarte.com\\\/?page_id=36\"},{\"@type\":\"ListItem\",\"position\":3,\"name\":\"Serum Vitamina E + Alpha Arbutin\"}]},{\"@type\":\"WebSite\",\"@id\":\"https:\\\/\\\/www.dcuidarte.com\\\/#website\",\"url\":\"https:\\\/\\\/www.dcuidarte.com\\\/\",\"name\":\"DCuidarte\",\"description\":\"\",\"publisher\":{\"@id\":\"https:\\\/\\\/www.dcuidarte.com\\\/#organization\"},\"alternateName\":\"Cuidarte\",\"potentialAction\":[{\"@type\":\"SearchAction\",\"target\":{\"@type\":\"EntryPoint\",\"urlTemplate\":\"https:\\\/\\\/www.dcuidarte.com\\\/?s={search_term_string}\"},\"query-input\":{\"@type\":\"PropertyValueSpecification\",\"valueRequired\":true,\"valueName\":\"search_term_string\"}}],\"inLanguage\":\"es\"},{\"@type\":\"Organization\",\"@id\":\"https:\\\/\\\/www.dcuidarte.com\\\/#organization\",\"name\":\"DCuidarte\",\"alternateName\":\"Cuidarte\",\"url\":\"https:\\\/\\\/www.dcuidarte.com\\\/\",\"logo\":{\"@type\":\"ImageObject\",\"inLanguage\":\"es\",\"@id\":\"https:\\\/\\\/www.dcuidarte.com\\\/#\\\/schema\\\/logo\\\/image\\\/\",\"url\":\"https:\\\/\\\/www.dcuidarte.com\\\/wp-content\\\/uploads\\\/2026\\\/03\\\/4.png\",\"contentUrl\":\"https:\\\/\\\/www.dcuidarte.com\\\/wp-content\\\/uploads\\\/2026\\\/03\\\/4.png\",\"width\":378,\"height\":110,\"caption\":\"DCuidarte\"},\"image\":{\"@id\":\"https:\\\/\\\/www.dcuidarte.com\\\/#\\\/schema\\\/logo\\\/image\\\/\"},\"sameAs\":[\"https:\\\/\\\/www.facebook.com\\\/cuidarte.cmg\",\"https:\\\/\\\/instagram.com\\\/cuidarte.cmg\"],\"email\":\"tienda@dcuidarte.com\",\"telephone\":\"+5355765224\"}]}<\/script>\n<!-- \/ Yoast SEO Premium plugin. -->","yoast_head_json":{"title":"Serum Vitamina E + Alpha Arbutin - DCuidarte","robots":{"index":"index","follow":"follow","max-snippet":"max-snippet:-1","max-image-preview":"max-image-preview:large","max-video-preview":"max-video-preview:-1"},"canonical":"https:\/\/www.dcuidarte.com\/?product=serum-vitamina-e-alpha-arbutin","og_locale":"es_ES","og_type":"article","og_title":"Serum Vitamina E + Alpha Arbutin","og_description":"Serum de Vitamina E y Alpha Arbutina es una poderosa combinaci\u00f3n dise\u00f1ada para iluminar, aclarar y proteger tu piel. Con una mezcla \u00fanica de ingredientes, este Serum se enfoca en reducir la apariencia de manchas oscuras y proporcionar una tez radiante y uniforme.","og_url":"https:\/\/www.dcuidarte.com\/?product=serum-vitamina-e-alpha-arbutin","og_site_name":"DCuidarte","article_publisher":"https:\/\/www.facebook.com\/cuidarte.cmg","article_modified_time":"2026-03-25T02:56:17+00:00","og_image":[{"width":1500,"height":1500,"url":"https:\/\/www.dcuidarte.com\/wp-content\/uploads\/2026\/03\/Vitamina-E-1.jpg","type":"image\/jpeg"}],"twitter_card":"summary_large_image","twitter_misc":{"Tiempo de lectura":"2 minutos"},"schema":{"@context":"https:\/\/schema.org","@graph":[{"@type":"WebPage","@id":"https:\/\/www.dcuidarte.com\/?product=serum-vitamina-e-alpha-arbutin","url":"https:\/\/www.dcuidarte.com\/?product=serum-vitamina-e-alpha-arbutin","name":"Serum Vitamina E + Alpha Arbutin - DCuidarte","isPartOf":{"@id":"https:\/\/www.dcuidarte.com\/#website"},"primaryImageOfPage":{"@id":"https:\/\/www.dcuidarte.com\/?product=serum-vitamina-e-alpha-arbutin#primaryimage"},"image":{"@id":"https:\/\/www.dcuidarte.com\/?product=serum-vitamina-e-alpha-arbutin#primaryimage"},"thumbnailUrl":"https:\/\/www.dcuidarte.com\/wp-content\/uploads\/2026\/03\/Vitamina-E-1.jpg","datePublished":"2026-03-20T21:27:48+00:00","dateModified":"2026-03-25T02:56:17+00:00","breadcrumb":{"@id":"https:\/\/www.dcuidarte.com\/?product=serum-vitamina-e-alpha-arbutin#breadcrumb"},"inLanguage":"es","potentialAction":[{"@type":"ReadAction","target":["https:\/\/www.dcuidarte.com\/?product=serum-vitamina-e-alpha-arbutin"]}]},{"@type":"ImageObject","inLanguage":"es","@id":"https:\/\/www.dcuidarte.com\/?product=serum-vitamina-e-alpha-arbutin#primaryimage","url":"https:\/\/www.dcuidarte.com\/wp-content\/uploads\/2026\/03\/Vitamina-E-1.jpg","contentUrl":"https:\/\/www.dcuidarte.com\/wp-content\/uploads\/2026\/03\/Vitamina-E-1.jpg","width":1500,"height":1500},{"@type":"BreadcrumbList","@id":"https:\/\/www.dcuidarte.com\/?product=serum-vitamina-e-alpha-arbutin#breadcrumb","itemListElement":[{"@type":"ListItem","position":1,"name":"Home","item":"https:\/\/www.dcuidarte.com\/"},{"@type":"ListItem","position":2,"name":"Shop","item":"https:\/\/www.dcuidarte.com\/?page_id=36"},{"@type":"ListItem","position":3,"name":"Serum Vitamina E + Alpha Arbutin"}]},{"@type":"WebSite","@id":"https:\/\/www.dcuidarte.com\/#website","url":"https:\/\/www.dcuidarte.com\/","name":"DCuidarte","description":"","publisher":{"@id":"https:\/\/www.dcuidarte.com\/#organization"},"alternateName":"Cuidarte","potentialAction":[{"@type":"SearchAction","target":{"@type":"EntryPoint","urlTemplate":"https:\/\/www.dcuidarte.com\/?s={search_term_string}"},"query-input":{"@type":"PropertyValueSpecification","valueRequired":true,"valueName":"search_term_string"}}],"inLanguage":"es"},{"@type":"Organization","@id":"https:\/\/www.dcuidarte.com\/#organization","name":"DCuidarte","alternateName":"Cuidarte","url":"https:\/\/www.dcuidarte.com\/","logo":{"@type":"ImageObject","inLanguage":"es","@id":"https:\/\/www.dcuidarte.com\/#\/schema\/logo\/image\/","url":"https:\/\/www.dcuidarte.com\/wp-content\/uploads\/2026\/03\/4.png","contentUrl":"https:\/\/www.dcuidarte.com\/wp-content\/uploads\/2026\/03\/4.png","width":378,"height":110,"caption":"DCuidarte"},"image":{"@id":"https:\/\/www.dcuidarte.com\/#\/schema\/logo\/image\/"},"sameAs":["https:\/\/www.facebook.com\/cuidarte.cmg","https:\/\/instagram.com\/cuidarte.cmg"],"email":"tienda@dcuidarte.com","telephone":"+5355765224"}]}},"_links":{"self":[{"href":"https:\/\/www.dcuidarte.com\/index.php?rest_route=\/wp\/v2\/product\/1497","targetHints":{"allow":["GET"]}}],"collection":[{"href":"https:\/\/www.dcuidarte.com\/index.php?rest_route=\/wp\/v2\/product"}],"about":[{"href":"https:\/\/www.dcuidarte.com\/index.php?rest_route=\/wp\/v2\/types\/product"}],"replies":[{"embeddable":true,"href":"https:\/\/www.dcuidarte.com\/index.php?rest_route=%2Fwp%2Fv2%2Fcomments&post=1497"}],"version-history":[{"count":2,"href":"https:\/\/www.dcuidarte.com\/index.php?rest_route=\/wp\/v2\/product\/1497\/revisions"}],"predecessor-version":[{"id":1600,"href":"https:\/\/www.dcuidarte.com\/index.php?rest_route=\/wp\/v2\/product\/1497\/revisions\/1600"}],"wp:featuredmedia":[{"embeddable":true,"href":"https:\/\/www.dcuidarte.com\/index.php?rest_route=\/wp\/v2\/media\/1527"}],"wp:attachment":[{"href":"https:\/\/www.dcuidarte.com\/index.php?rest_route=%2Fwp%2Fv2%2Fmedia&parent=1497"}],"wp:term":[{"taxonomy":"brand","embeddable":true,"href":"https:\/\/www.dcuidarte.com\/index.php?rest_route=%2Fwp%2Fv2%2Fetheme_brands&post=1497"},{"taxonomy":"product_brand","embeddable":true,"href":"https:\/\/www.dcuidarte.com\/index.php?rest_route=%2Fwp%2Fv2%2Fproduct_brand&post=1497"},{"taxonomy":"product_cat","embeddable":true,"href":"https:\/\/www.dcuidarte.com\/index.php?rest_route=%2Fwp%2Fv2%2Fproduct_cat&post=1497"},{"taxonomy":"product_tag","embeddable":true,"href":"https:\/\/www.dcuidarte.com\/index.php?rest_route=%2Fwp%2Fv2%2Fproduct_tag&post=1497"}],"curies":[{"name":"wp","href":"https:\/\/api.w.org\/{rel}","templated":true}]}}